2 - -25. What is the greatest common factor of 54 and s?
27
Let x(b) = 23*b**2 - 4*b + 3. Let d be x(3). Suppose 0 = -5*z + 4*z + 18. What is the greatest common factor of z and d?
18
Suppose 0 = -5*x + x + 132. Let i = x - 3. What is the greatest common divisor of 20 and i?
10
Let g be 10/2*16/5. Let l = 8 - g. Let s be 76/18 - l/(-36). What is the greatest common factor of s and 36?
4
Suppose -5*z = -4*o + 28, 0 = -3*o - z - z + 21. Let y = 20 + -2. Let n = y - 11. What is the highest common divisor of o and n?
7
Suppose 1 = 2*w - 1. Let o = 0 + w. What is the highest common factor of 1 and o?
1
Suppose -y - 2*y + 78 = 0. Suppose -5*i + y + 24 = 0. What is the greatest common divisor of 25 and i?
5
Let k = -7 + 27. Calculate the highest common factor of k and 30.
10
Suppose z - x - 10 = 0, 3*z - 20 + 6 = -x. Let y be z/(-24) - (-402)/8. What is the highest common divisor of 25 and y?
25
Let y(z) = 4*z - 7. Let c be y(6). What is the greatest common factor of c and 68?
17
Let t be 1/(1/8*2). Let h = t - 3. Let k be h - 1 - (-57 - -1). What is the highest common divisor of 14 and k?
14
Suppose -5*i = -8*i - 555. Let w = 329 + i. Calculate the highest common divisor of 18 and w.
18
Suppose -2*i + 3*i = 48. What is the highest common divisor of 72 and i?
24
Let h be (6/(-12))/((-1)/(-24)). Let f = -44 + -1. Let g = h - f. What is the highest common divisor of 11 and g?
11
Suppose -4*q + z + 4 = -3, -5*q + z = -9. Calculate the highest common factor of q and 26.
2
Suppose 61 = 2*n - 443. What is the highest common factor of 28 and n?
28
Suppose -12*r + 8*r + 16 = 0. Calculate the highest common divisor of 20 and r.
4
Let n be (-30*1)/(12/(-16)). Calculate the highest common factor of 16 and n.
8
Suppose 0 = -2*x + 3*g + 3, 6*g - 2*g + 5 = 3*x. Let a(i) = -4*i**3 - 4*i**2 - 3*i - 1. Let t be a(-2). What is the greatest common divisor of x and t?
3
Suppose 3*s = s + 10, 3*s = 4*d - 9. Suppose -z + d*z = 30. Calculate the highest common factor of z and 30.
6
Let n be 1 + 5 - (-1 - -2). Calculate the highest common factor of 2 and n.
1
Suppose 5*s - 153 - 25 = -u, -3*s - 5*u = -98. Suppose 4*z - v = s, 5*z + 0*v - 3*v = 38. What is the greatest common factor of z and 25?
5
Suppose 4*c = -c - 30. Let b be c/4*-2 - 1. Suppose 0*f + b*f = 30. What is the greatest common divisor of f and 5?
5
Suppose -z - 160 = -6*z. Let p = z + -17. Let u = 24 - p. Calculate the greatest common factor of u and 9.
9
Let i = -14 + 50. Suppose -4*s + 2*f + 38 = 0, 6*s = 2*s + f + 37. What is the greatest common divisor of s and i?
9
Suppose 2*j - 3 = 3. Suppose -4*m + 2*m = -s + 18, -j*s = -5*m - 52. Let d = 77 + 21. Calculate the highest common factor of d and s.
14
Suppose c = -3*v + 9, -v = 2*v + 3*c - 15. Let i be 60/(v*(-1)/(-4)). Let z(p) = 3*p**2 - 2*p - 1. Let n be z(-2). What is the highest common factor of n and i?
15
Suppose 0 = 2*l + 2 + 2. Let h be (l/2)/((-1)/2). What is the highest common divisor of h and 10?
2
Let g be ((-6)/(-5))/(3/15). Let b be (g - (-3 + 1))*8. What is the highest common factor of b and 8?
8
Let x(m) = 3*m + 4. Suppose 3*h + 6 = d, d + 3*h = -d + 12. Let j be x(d). Calculate the greatest common divisor of j and 2.
2
Suppose 0*h + 5*h = 250. Calculate the greatest common divisor of h and 125.
25
Suppose -3*y + 555 = 5*h, -7*y + 3*y = -3*h - 769. Suppose -2*f - 4*g + y = -0*f, 2*f - 208 = 5*g. What is the highest common factor of 9 and f?
9
Suppose -3*l - 2*l = 0. Let b be -4*(-2)/4 - 1. Let s be (14 + 4)*(b - l). Calculate the highest common factor of 12 and s.
6
Suppose 0 = -m - 2*m - g + 40, 0 = 3*m + 3*g - 30. What is the greatest common factor of m and 3?
3
Let j(d) = 5*d - 14. Let m be j(4). Calculate the highest common divisor of m and 48.
6
Suppose 3*b - 50 = b. What is the highest common divisor of 25 and b?
25
Let w be (918/135)/(((-1)/5)/(-1)). Calculate the greatest common factor of 17 and w.
17
Let h = -63 + 130. Suppose 4*b + h - 167 = 0. What is the greatest common divisor of 10 and b?
5
Let o be (2 + -1)*-1 - -1. Suppose o = 2*u - 2*m - 64, -u = 4*u + m - 166. What is the greatest common factor of 11 and u?
11
Let h = -64 + 106. Let r be 6 - (1/(-1) - -1). What is the greatest common factor of r and h?
6
Suppose 18 = 2*n - 34. What is the highest common divisor of 182 and n?
26
Let u be 6*4*-3*-2. Calculate the highest common factor of u and 16.
16
Let m(i) = -2*i**3 + 2*i**2 + 2*i - 1. Let j be m(-2). Let y = -8 + j. Let t = 18 - y. Calculate the greatest common divisor of t and 35.
7
Suppose -26 + 122 = 4*i. What is the greatest common divisor of 192 and i?
24
Suppose 76 = 4*x - 4*j, 2*j + 19 - 69 = -2*x. What is the greatest common divisor of 88 and x?
22
Suppose 220 = 2*g - 5*d, -5*g - 136 = -4*d - 686. Suppose 2*m = -3*n + 14, -3*n = -3*m - n + 34. What is the greatest common divisor of g and m?
10
Suppose 0 = -n + 2 - 5. Let t be n/6 + 151/2. What is the greatest common factor of 15 and t?
15
Suppose -40 = -o + 3*k, 4*o - 175 + 15 = 5*k. What is the highest common divisor of 16 and o?
8
Suppose l - 3*l - 6 = 0. Let o be (l - -9)*2074/(-3). Let y be o/(-36) - (-2)/(-9). What is the greatest common divisor of y and 46?
23
Let q = -8 - -13. Suppose -525 = -0*a - q*a. What is the greatest common divisor of 15 and a?
15
Let f(m) = 2*m**3 - 25*m**2 - 8*m - 13. Let r be f(13). Calculate the greatest common factor of r and 13.
13
Suppose p = -24 + 57. Suppose -15 = -4*r + 3*y, 4*r - y = -5*y + 8. Calculate the greatest common factor of r and p.
3
Let d = -17 + 18. Let v be 199 + 0 - (d - 0). What is the highest common factor of 22 and v?
22
Let g = -11 - -7. Let i be g/8 + (-30)/(-4). Let v(u) = -5*u - 3. Let a be v(-2). Calculate the greatest common factor of a and i.
7
Suppose 5*i - 499 = -4*y + 460, 242 = y + 2*i. What is the greatest common divisor of 59 and y?
59
Suppose -4*t + 21 + 31 = 0. Let d = 444 - 301. Calculate the greatest common divisor of t and d.
13
Let r be 4/(-6)*-7*3. Let l = 149 - 51. Calculate the highest common divisor of l and r.
14
Let n = -58 - -95. Suppose -3*x = 64 - 13. Let j = n + x. Calculate the greatest common factor of 4 and j.
4
Suppose 0 = -0*x + x - 5. Suppose -i + 2*i + 64 = x*h, -56 = -4*h + 2*i. Suppose 0 = -f + 19 + 5. Calculate the highest common factor of h and f.
12
Let i = 5 + -9. Let o be 1/i + 21/4. What is the highest common factor of o and 40?
5
Let k(j) = 2*j**2 - j - 5. Let h be k(-2). Calculate the highest common factor of h and 1.
1
Let b be 7/((-7)/(-2)) + -9. Let v(x) = x**2 - x. Let q be v(b). Calculate the highest common divisor of 8 and q.
8
Suppose 3*i - 37 = -4*q, 3*q = -4*i + 35 + 19. Calculate the highest common divisor of i and 10.
5
Suppose 16 = r + 1. Let u = 177 + -57. What is the highest common divisor of r and u?
15
Let x be (8 - 7)/(3/108). What is the greatest common divisor of 24 and x?
12
Let p = 10 + -18. Let o be (-2)/p + 549/12. Let q = o + -1. What is the highest common divisor of q and 30?
15
Suppose 3*n = 3*a - a - 23, 3*a - 52 = n. Calculate the highest common factor of 95 and a.
19
Let c = 7 + -13. Let l be -2 + 45 - c/3. Let m(z) = z + 3. Let u be m(6). Calculate the highest common divisor of l and u.
9
Suppose 0 = -7*p + 4*p. Let y = p + 1. Calculate the greatest common divisor of y and 1.
1
Let z be 14/(-10)*(-51 + -4). What is the greatest common factor of z and 33?
11
Let g = -10 + 14. Suppose -4*x + 5*b = -144, -g*x + 4*b + 102 = -42. Calculate the highest common factor of x and 12.
12
Suppose -4*z = 16, 0 = -5*v + 4*v - 5*z - 18. Let k be 67/5 + (-6)/15. Let x = k - v. Calculate the highest common divisor of 44 and x.
11
Let g = -7 - -21. What is the highest common factor of g and 2?
2
Suppose 0 = 3*l - 6, 2*a - 13 = a + 2*l. Calculate the greatest common factor of a and 85.
17
Suppose -3*p + 4*s + 222 + 172 = 0, 2*p - 236 = -4*s. What is the greatest common factor of p and 18?
18
Let v = -26 - -70. Calculate the greatest common divisor of v and 4.
4
Suppose -21 = -2*x + 123. Let p(j) = j**3 - 5*j**2 + 3*j - 6. Let l be p(5). What is the highest common factor of x and l?
9
Let n be (-39)/(-1) + 0/1. Let x be -3 - ((-6)/6)/(2/58). Calculate the highest common factor of n and x.
13
Let s = 79 + -55. Calculate the highest common divisor 